 (base 2) to base 12
-1224
What is 114c (base 13) in base 11?
190a
What is 742 (base 12) in base 3?
1110012
Convert 77 (base 16) to base 7.
230
Convert 23147 (base 10) to base 9.
34668
Convert -112000020 (base 3) to base 13.
-4857
Convert 41314 (base 7) to base 16.
2779
Convert -895 (base 16) to base 14.
-b2d
Convert -194 (base 15) to base 16.
-16c
Convert -374a (base 15) to base 11.
-8930
Convert -4202 (base 5) to base 13.
-336
2311 (base 8) to base 6
5401
-1001100100000 (base 2) to base 16
-1320
-47024 (base 9) to base 6
-401121
-100100011 (base 2) to base 13
-195
What is -858 (base 10) in base 5?
-11413
What is 1200202 (base 3) in base 6?
5415
Convert 1100100101 (base 2) to base 15.
38a
Convert -101011000 (base 2) to base 9.
-422
-1031 (base 5) to base 13
-ab
Convert -53540 (base 6) to base 4.
-1302210
What is -355 (base 6) in base 2?
-10001111
Convert 112222 (base 3) to base 13.
251
What is -3113 (base 6) in base 12?
-499
Convert -37576 (base 10) to base 11.
-26260
Convert 7228 (base 11) to base 9.
14134
Convert 12142 (base 5) to base 12.
64a
Convert 167 (base 12) to base 16.
df
What is 5236 (base 11) in base 3?
100111220
What is 1110110011 (base 2) in base 14?
4b9
3310 (base 7) to base 16
49f
What is 31323 (base 4) in base 10?
891
2225 (base 6) to base 2
1000001001
What is -184a (base 13) in base 11?
-2793
What is 3a38 (base 12) in base 14?
2604
-819b (base 13) to base 3
-220111222
210423 (base 7) to base 10
36228
Convert -216 (base 8) to base 11.
-11a
-5204 (base 6) to base 10
-1156
Convert -10210200 (base 3) to base 13.
-1353
11100010111110 (base 2) to base 3
201221000
What is 4083 (base 9) in base 3?
11002210
c17 (base 13) to base 3
2210212
-c30 (base 13) to base 8
-4023
Convert 1032221 (base 5) to base 16.
4593
-1011 (base 4) to base 10
-69
What is -403012 (base 6) in base 7?
-161411
-15bc0 (base 13) to base 14
-11209
Convert 475 (base 11) to base 12.
3b2
1111220 (base 3) to base 8
2120
What is -364 (base 12) in base 2?
-111111100
Convert 10011010 (base 2) to base 5.
1104
Convert -5ab0 (base 13) to base 16.
-3212
1130 (base 9) to base 15
3ac
Convert -3698 (base 13) to base 14.
-2b62
Convert -584 (base 10) to base 9.
-718
-87a (base 11) to base 8
-2037
-be57 (base 15) to base 8
-116645
What is -27c (base 15) in base 8?
-1067
12a5 (base 16) to base 7
16626
Convert -68 (base 15) to base 7.
-200
Convert 2202212001 (base 3) to base 11.
37aa8
-222323 (base 7) to base 8
-114542
-11566 (base 8) to base 5
-124412
What is -18688 (base 10) in base 4?
-10210000
15a39 (base 11) to base 7
122511
-465 (base 10) to base 4
-13101
-227 (base 10) to base 13
-146
Convert -3972 (base 12) to base 6.
-50222
What is -13614 (base 8) in base 11?
-4590
What is -1d87 (base 16) in base 13?
-3596
38a (base 16) to base 6
4110
Convert 158 (base 13) to base 2.
11110010
Convert 400 (base 15) to base 10.
900
Convert -333 (base 4) to base 13.
-4b
What is -17b (base 13) in base 16?
-10f
What is 943 (base 12) in base 16?
543
Convert -3236 (base 11) to base 7.
-15314
What is 8239 (base 13) in base 8?
43052
-246d (base 14) to base 7
-24366
What is 55343 (base 7) in base 15?
41b8
Convert 2100 (base 5) to base 4.
10103
10100012 (base 3) to base 12
14ab
Convert 10c (base 16) to base 9.
327
What is -566 (base 12) in base 5?
-11143
1607 (base 12) to base 2
101000100111
4418 (base 15) to base 6
150435
-1000132 (base 4) to base 14
-170a
Convert 110001110 (base 2) to base 13.
248
What is -56a1 (base 14) in base 8?
-35275
What is -64203 (base 7) in base 15?
-4a89
What is 6271 (base 8) in base 4?
302321
-44153 (base 7) to base 9
-16152
Convert -155ac (base 13) to base 2.
-1001111001010101
What is -231334 (base 5) in base 15?
-2714
3a8 (base 11) to base 15
221
Convert -1302 (base 6) to base 4.
-11012
130b4 (base 12) to base 14
96d2
13181 (base 9) to base 8
21306
What is -26534 (base 7) in base 6?
-53002
-958 (base 13) to base 5
-22334
Convert -3311420 (base 5) to base 11.
-399a9
What is -259 (base 13) in base 16?
-19c
Convert 1000101110 (base 2) to base 4.
20232
What is -4032213 (base 5) in base 15?
-14273
What is -a0c (base 15) in base 6?
-14250
What is -346 (base 7) in base 4?
-2311
What is -20553 (base 6) in base 11?
-2120
678 (base 16) to base 4
121320
-12130 (base 5) to base 7
-2445
What is 12422 (base 5) in base 13?
5ac
What is 220021 (base 3) in base 4?
22033
What is -11320120 (base 4) in base 13?
-ac6c
3451 (base 6) to base 8
1467
-3204 (base 12) to base 6
-41204
What is -771 (base 8) in base 2?
-111111001
What is 20113 (base 4) in base 7?
1363
Convert -20477 (base 9) to base 10.
-13516
Convert -3441 (base 6) to base 11.
-683
Convert 448 (base 10) to base 4.
13000
15513 (base 6) to base 10
2565
20 (base 9) to base 14
14
Convert -a90 (base 12) to base 13.
-921
What is -5998 (base 11) in base 13?
-375c
Convert -55b (base 12) to base 8.
-1427
Convert -3246 (base 7) to base 6.
-5213
-26737 (base 9) to base 6
-215441
870 (base 11) to base 15
49a
What is -1342 (base 5) in base 7?
-435
-288 (base 13) to base 8
-702
What is 635 (base 7) in base 16?
140
113 (base 8) to base 11
69
-1460 (base 7) to base 15
-28b
Convert 110001100001 (base 2) to base 5.
100134
What is -303 (base 6) in base 7?
-216
What is 9710 (base 13) in base 5?
1132334
Convert 501 (base 9) to base 2.
110010110
Convert 15547 (base 11) to base 4.
11113000
Convert 11140 (base 7) to base 6.
21021
-531 (base 11) to base 4
-21333
-22010220 (base 3) to base 15
-1b5c
Convert -9659 (base 10) to base 12.
-570b
-1035 (base 11) to base 8
-2531
878 (base 15) to base 9
2555
500522 (base 6) to base 16
98a2
-1992 (base 12) to base 3
-11022002
Convert c78 (base 16) to base 14.
1240
Convert -1130322 (base 4) to base 6.
-43310
What is 111022202 (base 3) in base 5?
302323
-135 (base 15) to base 11
-230
Convert 145 (base 13) to base 15.
101
What is 1000010011 (base 2) in base 12?
383
52 (base 6) to base 15
22
Convert 5500 (base 8) to base 3.
10221200
214151 (base 7) to base 2
1001001001100000
Convert 1a7ac (base 13) to base 6.
1040024
38d (base 14) to base 2
1011001001
-19b (base 15) to base 11
-308
What is 3140 (base 6) in base 3?
222020
Convert 14502 (base 7) to base 6.
30340
What is 407 (base 13) in base 11?
571
Convert 500 (base 14) to base 9.
1308
75b6 (base 15) to base 11
177a6
What is -d3a4 (base 15) in base 4?
-22322200
Convert -3998 (base 10) to base 2.
-111110011110
Convert -74a (base 11) to base 4.
-32011
-12000 (base 3) to base 10
-135
Convert 1240 (base 11) to base 6.
11253
Convert -28 (base 12) to base 11.
-2a
10000000100 (base 2) to base 7
2666
-2797 (base 12) to base 7
-16231
-431 (base 13) to base 3
-222112
Convert -13330 (base 11) to base 12.
-b01a
What is -22 (base 8) in base 14?
-14
Convert 355a (base 13) to base 14.
2a47
Convert 140021 (base 5) to base 2.
1011000000100
114610 (base 8) to base 16
9988
What is 665 (base 9) in base 4?
20201
13541 (base 7) to base 14
14c8
Convert 174 (base 16) to base 8.
564
Convert -300302 (base 4) to base 5.
-44442
Convert 763 (base 10) to base 12.
537
Convert 5673 (base 11) to base 2.
1110100100101
What is 3e (base 15) in base 7?
113
-1233 (base 10) to base 9
-1620
Convert 11a0 (base 12) to base 5.
30432
What is 1300113 (base 4) in base 7?
26652
Convert -60 (base 15) to base 8.
-132
23a (base 15) to base 4
13321
What is -b160 (base 14) in base 5?
-1433324
Convert -b6 (base 13) to base 2.
-10010101
15680 (base 13) to base 14
10b68
Convert -440 (base 15) to base 2.
-1111000000
Convert -1000101010 (base 2) to base 9.
-675
222011 (base 3) to base 2
1011000010
What is a68 (base 11) in base 16?
504
-3214 (base 5) to base 12
-302
Convert -110201120 (base 3) to base 14.
-3548
-3022 (base 5) to base 3
-112100
1113 (base 14) to base 9
4045
Convert 1254 (base 9) to base 2.
1110101100
What is 1266 (base 14) in base 5?
100401
What is 1223424 (base 5) in base 6?
301154
3313 (base 13) to base 6
52534
What is 21232032 (base 4) in base 7?
224046
Convert -5a (base 14) to base 16.
-50
7284 (base 11) to base 12
5703
Convert -23014 (base 5) to base 3.
-2020112
What is 17b1 (base 13) in base 9?
4745
What is 4177 (base 12) in base 6?
53031
720 (base 8) to base 6
2052
Convert -12050 (base 7) to base 14.
-11d0
What is 19f (base 16) in base 12?
2a7
Convert -1011000101 (base 2) to base 9.
-867
What is 16898 